{"id":1990,"date":"2020-05-18T14:34:17","date_gmt":"2020-05-18T12:34:17","guid":{"rendered":"http:\/\/sfs-archery.de\/?page_id=1990"},"modified":"2021-11-18T11:35:05","modified_gmt":"2021-11-18T10:35:05","slug":"eiac-2022-2","status":"publish","type":"page","link":"https:\/\/sfs-archery.de\/?page_id=1990","title":{"rendered":"WOFAMM (Flint Outdoor Mail Match)"},"content":{"rendered":"<div id=\"pl-1990\"  class=\"panel-layout\" ><div id=\"pg-1990-0\"  class=\"panel-grid panel-no-style\" ><div id=\"pgc-1990-0-0\"  class=\"panel-grid-cell\" ><div id=\"panel-1990-0-0-0\" class=\"so-panel widget widget_sow-headline panel-first-child\" data-index=\"0\" ><div\n\t\t\t\n\t\t\tclass=\"so-widget-sow-headline so-widget-sow-headline-default-ea0af4cf39ae-1990\"\n\t\t\t\n\t\t><div class=\"sow-headline-container \">\n\t\t\t\t\t\t\t<h1 class=\"sow-headline\">\n\t\t\t\t\t\tWOFAMM \/ World Outdoor Flint Mail Match (IFAA)\t\t\t\t\t\t<\/h1>\n\t\t\t\t\t\t\t\t\t\t\t\t<h3 class=\"sow-sub-headline\">\n\t\t\t\t\t\tIFAA OUTDOOR FLINT WELT-FERNTURNIER (WOFAAM)\t\t\t\t\t\t<\/h3>\n\t\t\t\t\t\t\t\t\t\t\t<div class=\"decoration\">\n\t\t\t\t\t\t<div class=\"decoration-inside\"><\/div>\n\t\t\t\t\t<\/div>\n\t\t\t\t\t<\/div>\n<\/div><\/div><div id=\"panel-1990-0-0-1\" class=\"so-panel widget widget_sow-image\" data-index=\"1\" ><div\n\t\t\t\n\t\t\tclass=\"so-widget-sow-image so-widget-sow-image-default-113ccd71f3e6-1990\"\n\t\t\t\n\t\t>\n<div class=\"sow-image-container\">\n\t\t<img \n\tsrc=\"https:\/\/sfs-archery.de\/wp-content\/uploads\/2020\/05\/AdobeStock_253806249_klein-1024x353.jpg\" width=\"720\" height=\"248\" srcset=\"https:\/\/sfs-archery.de\/wp-content\/uploads\/2020\/05\/AdobeStock_253806249_klein-1024x353.jpg 1024w, https:\/\/sfs-archery.de\/wp-content\/uploads\/2020\/05\/AdobeStock_253806249_klein-300x103.jpg 300w, https:\/\/sfs-archery.de\/wp-content\/uploads\/2020\/05\/AdobeStock_253806249_klein-768x265.jpg 768w, https:\/\/sfs-archery.de\/wp-content\/uploads\/2020\/05\/AdobeStock_253806249_klein.jpg 1500w\" sizes=\"(max-width: 720px) 100vw, 720px\" title=\"world national flags\" alt=\"Fahnen von verschiedenen Nationen. Internationales Turnier\" \t\tclass=\"so-widget-image\"\/>\n\t<\/div>\n\n<\/div><\/div><div id=\"panel-1990-0-0-2\" class=\"so-panel widget widget_sow-editor panel-last-child\" data-index=\"2\" ><div\n\t\t\t\n\t\t\tclass=\"so-widget-sow-editor so-widget-sow-editor-base\"\n\t\t\t\n\t\t><h3 class=\"widget-title\">Das Outdoor Fernturnier der IFAA<\/h3>\n<div class=\"siteorigin-widget-tinymce textwidget\">\n\t<p>Das IFAA OUTDOOR FLINT WELT-FERNTURNIER (WOFAAM) stellt eine einfache Art dar internationale Turnierluft zu schnuppern.<\/p>\n<p>Mit diesem Fernturnierformat (zusammen mit dem Indoor-Fernturnier) hat die IFAA ein weltweites Turnierformat geschaffen um f\u00fcr den Bogensport zu werben. Jeder Sch\u00fctze, der nicht Profi ist, kann daran teilnehmen. Man muss dazu nicht Mitglied eines mit der IFAA verbunden Verbandes sein. Dadurch steht das Turnier praktisch allen offen.<\/p>\n<p><strong>Fernturnier und Zeitraum<\/strong><br \/>\nDas Turnier ist ein <a href=\"https:\/\/sfs-archery.de\/?page_id=2050\">Fernturnier <\/a>und wird jedes Jahr im Zeitraum von Juli bis September durchgef\u00fchrt.<br \/>\nDazu ist es nicht notwenig sich an einem Turnierort einzufinden, sondern man kann die Turnierrunden auf dem heimischen Trainingsplatz schie\u00dfen. Man meldet dann das Ergebnis an die Turnierleitung per email. Daher auch die Bezeichnung \"Fernturnier\".<br \/>\nDie Regeleinhaltung kann dabei nat\u00fcrlich nicht kontrolliert werden und man vertraut darauf das die eingereichten Wertungen auch tats\u00e4chlich erzielt wurden.<\/p>\n<p><strong>Anmeldung und Kosten<\/strong><br \/>\nDie Anmeldung erfolgt \u00fcber eine Email an die Turnierleitung mit Hilfe der bereitgestellten Anmeldeformularen. Die Kosten f\u00fcr die Teilnahme belaufe sich aktuell (Stand Mai 2020) auf 15 Australische Dollar je Sch\u00fctze (ca. 9 Euro).<\/p>\n<p><strong>Turnierablauf<\/strong><br \/>\nBei dem WOFAMM meldet man drei Flint-Runden die man \u00fcblicherweise im Freien absolviert hat. Jeden Monat (Juli, August, September) meldet man das Resultat einer Runde an die Turnierleitung.<br \/>\nDabei kann man im Monat nat\u00fcrlich auch mehrere Runde geschossen haben, aber man kann nur ein Resultat je Monat melden.<br \/>\nNach jeder Runde ver\u00f6ffentlicht die Turnierleitung die aktuelle Rangliste.<br \/>\njeder Teilnehmer bekommt nach Abschluss des Turniers eine Teilnehmeranstecknadel. Die ersten drei Platzierten jeder Wertungsklasse entsprechend in Gold-, Silber- oder Bronzefarbe.<\/p>\n<\/div>\n<\/div><\/div><\/div><\/div><div id=\"pg-1990-1\"  class=\"panel-grid panel-no-style\" ><div id=\"pgc-1990-1-0\"  class=\"panel-grid-cell\" ><div id=\"panel-1990-1-0-0\" class=\"so-panel widget widget_sow-headline panel-first-child panel-last-child\" data-index=\"3\" ><div\n\t\t\t\n\t\t\tclass=\"so-widget-sow-headline so-widget-sow-headline-default-ea0af4cf39ae-1990\"\n\t\t\t\n\t\t><div class=\"sow-headline-container \">\n\t\t\t\t\t\t\t<h1 class=\"sow-headline\">\n\t\t\t\t\t\tFlint Outdoor Runde\t\t\t\t\t\t<\/h1>\n\t\t\t\t\t\t\t\t\t\t\t\t<h3 class=\"sow-sub-headline\">\n\t\t\t\t\t\tDie sogenannte Flint-Runde. Eine eher unbekannte, aber sehr interessante Bogendisziplin. \t\t\t\t\t\t<\/h3>\n\t\t\t\t\t\t\t\t\t\t\t<div class=\"decoration\">\n\t\t\t\t\t\t<div class=\"decoration-inside\"><\/div>\n\t\t\t\t\t<\/div>\n\t\t\t\t\t<\/div>\n<\/div><\/div><\/div><\/div><div id=\"pg-1990-2\"  class=\"panel-grid panel-no-style\" ><div id=\"pgc-1990-2-0\"  class=\"panel-grid-cell\" ><div id=\"panel-1990-2-0-0\" class=\"so-panel widget widget_sow-image panel-first-child panel-last-child\" data-index=\"4\" ><div\n\t\t\t\n\t\t\tclass=\"so-widget-sow-image so-widget-sow-image-default-113ccd71f3e6-1990\"\n\t\t\t\n\t\t>\n<div class=\"sow-image-container\">\n\t\t<img \n\tsrc=\"https:\/\/sfs-archery.de\/wp-content\/uploads\/2020\/05\/Bildschirmfoto-2020-05-18-um-13.59.24-768x480.png\" width=\"720\" height=\"450\" srcset=\"https:\/\/sfs-archery.de\/wp-content\/uploads\/2020\/05\/Bildschirmfoto-2020-05-18-um-13.59.24-768x480.png 768w, https:\/\/sfs-archery.de\/wp-content\/uploads\/2020\/05\/Bildschirmfoto-2020-05-18-um-13.59.24-300x187.png 300w, https:\/\/sfs-archery.de\/wp-content\/uploads\/2020\/05\/Bildschirmfoto-2020-05-18-um-13.59.24-1024x640.png 1024w, https:\/\/sfs-archery.de\/wp-content\/uploads\/2020\/05\/Bildschirmfoto-2020-05-18-um-13.59.24-1536x960.png 1536w, https:\/\/sfs-archery.de\/wp-content\/uploads\/2020\/05\/Bildschirmfoto-2020-05-18-um-13.59.24-436x272.png 436w, https:\/\/sfs-archery.de\/wp-content\/uploads\/2020\/05\/Bildschirmfoto-2020-05-18-um-13.59.24.png 1946w\" sizes=\"(max-width: 720px) 100vw, 720px\" title=\"IFAA Wertungszettel der Flint-Runde\" alt=\"IFAA Wertungszettel f\u00fcr FLINT\" \t\tclass=\"so-widget-image\"\/>\n\t<\/div>\n\n<h3 class=\"widget-title\">IFAA Wertungszettel der Flint-Runde<\/h3><\/div><\/div><\/div><div id=\"pgc-1990-2-1\"  class=\"panel-grid-cell\" ><div id=\"panel-1990-2-1-0\" class=\"so-panel widget widget_sow-image panel-first-child panel-last-child\" data-index=\"5\" ><div\n\t\t\t\n\t\t\tclass=\"so-widget-sow-image so-widget-sow-image-default-113ccd71f3e6-1990\"\n\t\t\t\n\t\t>\n<div class=\"sow-image-container\">\n\t\t<img \n\tsrc=\"https:\/\/sfs-archery.de\/wp-content\/uploads\/2020\/05\/Bildschirmfoto-2020-05-18-um-14.00.01.png\" width=\"470\" height=\"470\" srcset=\"https:\/\/sfs-archery.de\/wp-content\/uploads\/2020\/05\/Bildschirmfoto-2020-05-18-um-14.00.01.png 470w, https:\/\/sfs-archery.de\/wp-content\/uploads\/2020\/05\/Bildschirmfoto-2020-05-18-um-14.00.01-300x300.png 300w, https:\/\/sfs-archery.de\/wp-content\/uploads\/2020\/05\/Bildschirmfoto-2020-05-18-um-14.00.01-150x150.png 150w\" sizes=\"(max-width: 470px) 100vw, 470px\" title=\"Zielscheibe IFAA Flint f\u00fcr zwei Sch\u00fctzen. Sch\u00fctze ein schie\u00dft auf die beiden linken, Sch\u00fctze zwei au die beiden rechten Scheiben.\" alt=\"Flint Zielscheiben der IFAA\" \t\tclass=\"so-widget-image\"\/>\n\t<\/div>\n\n<h3 class=\"widget-title\">Zielscheibe IFAA Flint f\u00fcr zwei Sch\u00fctzen. Sch\u00fctze ein schie\u00dft auf die beiden linken, Sch\u00fctze zwei au die beiden rechten Scheiben.<\/h3><\/div><\/div><\/div><\/div><div id=\"pg-1990-3\"  class=\"panel-grid panel-no-style\" ><div id=\"pgc-1990-3-0\"  class=\"panel-grid-cell\" ><div id=\"panel-1990-3-0-0\" class=\"so-panel widget widget_sow-editor panel-first-child\" data-index=\"6\" ><div\n\t\t\t\n\t\t\tclass=\"so-widget-sow-editor so-widget-sow-editor-base\"\n\t\t\t\n\t\t>\n<div class=\"siteorigin-widget-tinymce textwidget\">\n\t<p><strong>Flint-Runde<\/strong><br \/>\nDie Flint-Runde trifft man recht selten auf Turnieren an. Bei der IFAA ist diese Jedoch Bestandteil verschiedener Turnier. (z.B. der Europa-Hallenmeisterschaften oder dem Fernturnier WOFAMM).<\/p>\n<p>Das Interessante an diesem Modus ist, das man mehrere Pfeile je Passe schie\u00dft und je Passe auch eine andere Entfernung. Es kommt daher sowohl auf Konstanz (vier Pfeile m\u00fcssen ins Ziel) als auch auf Flexibilit\u00e4t (unterschiedliche Entfernungen) an.<\/p>\n<p>In Summe schie\u00dft man in einer Runde sieben Passen mit je 4 Pfeilen. Dabei Die Entfernungen je Passe sind dabei wie folgt:<\/p>\n<ul>\n<li>1. Passe: Alle Pfeile auf ein Ziel in 25 Yards Entfernung (ca. 22,8m)<\/li>\n<li>2. Passe: Alle Pfeile auf ein Ziel in 20 Fu\u00df Entfernung (ca. 6,1m)<\/li>\n<li>3. Passe: Alle Pfeile auf ein Ziel in 30 Yards Entfernung (ca. 27,4m)<\/li>\n<li>4. Passe: Alle Pfeile auf ein Ziel in 15 Yards Entfernung (ca. 13,7m)<\/li>\n<li>5. Passe: Alle Pfeile auf ein Ziel in 20 Yards Entfernung (ca. 18,3m)<\/li>\n<li>6. Passe: Alle Pfeile auf ein Ziel in 10 Yards Entfernung (ca. 9,1m)<\/li>\n<li>7. Passe: Je ein Pfeil auf die Entfernungen 30, 25, 20 und 15 Yards<\/li>\n<\/ul>\n<p>Was man hier sieht ist das je Passe sich die Entfernung \u00e4ndert und sich lange und kurze Entfernungen abwechseln. Bei der letzten Passe der Runde schie\u00dft man sogar jeden einzelnen der vier Pfeile auf eine andere Entfernung.<\/p>\n<p>Man muss je Wertung zwei dieser Runden absolvieren (also 56 Pfeile in Summe)<\/p>\n<p>Die Ziele (Scheibenauflagen) sind je nach Entfernung unterschiedlich gro\u00df. Bei der Passe 1, 3, 5 und 7 ist das Ziel 35cm im Durchmesser. Bei den anderen Passen sind es nur 20cm. (Sch\u00fcler: 50cm und 35cm). Die Ziele haben jeweils f\u00fcnf Wertungszonen (von innen nach au\u00dfen): 5\/X, 4, 3, 2 und ein Ring. Bei 56 Pfeile sind damit maximal 280 Ringe m\u00f6glich.<\/p>\n<p>Mit 35cm bzw. 20cm sind die Ziele kleiner als bei den \u00fcblichen Hallenmeisterschaften (40cm Durchmesser bei ca. 18m Entfernung). Insbesondere bei den weiten Entfernungen (20 Yards bis 30 Yards) ist das schon eine echte Herausforderung.<\/p>\n<\/div>\n<\/div><\/div><div id=\"panel-1990-3-0-1\" class=\"so-panel widget widget_sow-editor panel-last-child\" data-index=\"7\" ><div\n\t\t\t\n\t\t\tclass=\"so-widget-sow-editor so-widget-sow-editor-base\"\n\t\t\t\n\t\t><h3 class=\"widget-title\">Links<\/h3>\n<div class=\"siteorigin-widget-tinymce textwidget\">\n\t<p>Link zu Informationen der IFAA:<br \/>\n<a href=\"https:\/\/www.ifaa-archery.org\/index.php\/2018-wofamm-flint-outdoor-mm\" target=\"_blank\" rel=\"noopener\">IFAA WOFAMM Flint Outdoor mail match<\/a><br \/>\n<a href=\"https:\/\/www.ifaa-archery.org\/index.php\/documents\/rules\/ifaa-book-of-rules-2019\" rel=\"noopener\" target=\"_blank\">IFAA Book of rules (en)<\/a><\/p>\n<\/div>\n<\/div><\/div><\/div><\/div><div id=\"pg-1990-4\"  class=\"panel-grid panel-no-style\" ><div id=\"pgc-1990-4-0\"  class=\"panel-grid-cell\" ><div id=\"panel-1990-4-0-0\" class=\"so-panel widget widget_sow-headline panel-first-child\" data-index=\"8\" ><div\n\t\t\t\n\t\t\tclass=\"so-widget-sow-headline so-widget-sow-headline-default-ea0af4cf39ae-1990\"\n\t\t\t\n\t\t><div class=\"sow-headline-container \">\n\t\t\t\t\t\t\t<h1 class=\"sow-headline\">\n\t\t\t\t\t\tTeilnahme am Outdoor Flint mail match Turnier !\t\t\t\t\t\t<\/h1>\n\t\t\t\t\t\t\t\t\t\t\t\t<h3 class=\"sow-sub-headline\">\n\t\t\t\t\t\tHat jemand Interesse mit mir gemeinsam das Turnier zu absolvieren?\t\t\t\t\t\t<\/h3>\n\t\t\t\t\t\t\t\t\t\t\t<div class=\"decoration\">\n\t\t\t\t\t\t<div class=\"decoration-inside\"><\/div>\n\t\t\t\t\t<\/div>\n\t\t\t\t\t<\/div>\n<\/div><\/div><div id=\"panel-1990-4-0-1\" class=\"so-panel widget widget_sow-image\" data-index=\"9\" ><div\n\t\t\t\n\t\t\tclass=\"so-widget-sow-image so-widget-sow-image-default-c67d20f9f743-1990\"\n\t\t\t\n\t\t>\n<div class=\"sow-image-container\">\n\t\t<img \n\tsrc=\"https:\/\/sfs-archery.de\/wp-content\/uploads\/2020\/05\/AdobeStock_224116320_klein-1024x410.jpg\" width=\"720\" height=\"288\" srcset=\"https:\/\/sfs-archery.de\/wp-content\/uploads\/2020\/05\/AdobeStock_224116320_klein-1024x410.jpg 1024w, https:\/\/sfs-archery.de\/wp-content\/uploads\/2020\/05\/AdobeStock_224116320_klein-300x120.jpg 300w, https:\/\/sfs-archery.de\/wp-content\/uploads\/2020\/05\/AdobeStock_224116320_klein-768x307.jpg 768w, https:\/\/sfs-archery.de\/wp-content\/uploads\/2020\/05\/AdobeStock_224116320_klein.jpg 1500w\" sizes=\"(max-width: 720px) 100vw, 720px\" title=\"Jetzt mitmachen!\" alt=\"Schild: Jetzt mitmachen!\" \t\tclass=\"so-widget-image\"\/>\n\t<\/div>\n\n<\/div><\/div><div id=\"panel-1990-4-0-2\" class=\"so-panel widget widget_sow-editor panel-last-child\" data-index=\"10\" ><div\n\t\t\t\n\t\t\tclass=\"so-widget-sow-editor so-widget-sow-editor-base\"\n\t\t\t\n\t\t>\n<div class=\"siteorigin-widget-tinymce textwidget\">\n\t<p>Ich habe mir vorgenommen \u00f6fters an dem Flint Outdoor Turnier teilzunehmen. Sollte jemand Interesse an einer gemeinsamen Teilnahme haben, dann sollte er sich einfach bei mir melden.<br \/>\nSollte jemand einfach nur mit mir zusammen die Runden schie\u00dfen wollen geht das nat\u00fcrlich auch. (ohne offiziell. Teilnahme)<\/p>\n<p>Kontakt: <a href=\"mailto:soeren.spieckermann@web.de\">soeren.spieckermann@web.de<\/a><\/p>\n<\/div>\n<\/div><\/div><\/div><\/div><\/div>","protected":false},"excerpt":{"rendered":"<p>Das IFAA OUTDOOR FLINT WELT-FERNTURNIER (WOFAAM) stellt eine einfache Art dar internationale Turnierluft zu schnuppern. Mit diesem Fernturnierformat (zusammen mit dem Indoor-Fernturnier) hat die IFAA ein weltweites Turnierformat geschaffen um f\u00fcr den Bogensport zu werben. Jeder Sch\u00fctze, der nicht Profi [&hellip;]<\/p>\n","protected":false},"author":1,"featured_media":1998,"parent":2050,"menu_order":0,"comment_status":"closed","ping_status":"closed","template":"","meta":{"footnotes":""},"class_list":["post-1990","page","type-page","status-publish","has-post-thumbnail","hentry","post","post-with-thumbnail","post-with-thumbnail-large"],"yoast_head":"<!-- This site is optimized with the Yoast SEO plugin v26.8 - https:\/\/yoast.com\/product\/yoast-seo-wordpress\/ -->\n<title>Das WOFAMM der IFAA - sfs-archery -Erlebnis Bogenschie\u00dfen-<\/title>\n<meta name=\"description\" content=\"Das outdoor Fernturniere WOFAMM im Bogensport. Die einfache Art internationale Turnierluft zu erleben. Erlebe auch du das World Outdoor Flint Archery Mail Match.\" \/>\n<meta name=\"robots\" content=\"index, follow, max-snippet:-1, max-image-preview:large, max-video-preview:-1\" \/>\n<link rel=\"canonical\" href=\"https:\/\/sfs-archery.de\/?page_id=1990\" \/>\n<meta property=\"og:locale\" content=\"de_DE\" \/>\n<meta property=\"og:type\" content=\"article\" \/>\n<meta property=\"og:title\" content=\"Das WOFAMM der IFAA - sfs-archery -Erlebnis Bogenschie\u00dfen-\" \/>\n<meta property=\"og:description\" content=\"Das outdoor Fernturniere WOFAMM im Bogensport. Die einfache Art internationale Turnierluft zu erleben. Erlebe auch du das World Outdoor Flint Archery Mail Match.\" \/>\n<meta property=\"og:url\" content=\"https:\/\/sfs-archery.de\/?page_id=1990\" \/>\n<meta property=\"og:site_name\" content=\"sfs-archery -Erlebnis Bogenschie\u00dfen-\" \/>\n<meta property=\"article:modified_time\" content=\"2021-11-18T10:35:05+00:00\" \/>\n<meta property=\"og:image\" content=\"https:\/\/sfs-archery.de\/wp-content\/uploads\/2020\/05\/Bildschirmfoto-2020-05-18-um-14.00.01.png\" \/>\n\t<meta property=\"og:image:width\" content=\"470\" \/>\n\t<meta property=\"og:image:height\" content=\"470\" \/>\n\t<meta property=\"og:image:type\" content=\"image\/png\" \/>\n<meta name=\"twitter:card\" content=\"summary_large_image\" \/>\n<meta name=\"twitter:label1\" content=\"Gesch\u00e4tzte Lesezeit\" \/>\n\t<meta name=\"twitter:data1\" content=\"4\u00a0Minuten\" \/>\n<script type=\"application\/ld+json\" class=\"yoast-schema-graph\">{\"@context\":\"https:\/\/schema.org\",\"@graph\":[{\"@type\":\"WebPage\",\"@id\":\"https:\/\/sfs-archery.de\/?page_id=1990\",\"url\":\"https:\/\/sfs-archery.de\/?page_id=1990\",\"name\":\"Das WOFAMM der IFAA - sfs-archery -Erlebnis Bogenschie\u00dfen-\",\"isPartOf\":{\"@id\":\"https:\/\/sfs-archery.de\/#website\"},\"primaryImageOfPage\":{\"@id\":\"https:\/\/sfs-archery.de\/?page_id=1990#primaryimage\"},\"image\":{\"@id\":\"https:\/\/sfs-archery.de\/?page_id=1990#primaryimage\"},\"thumbnailUrl\":\"https:\/\/sfs-archery.de\/wp-content\/uploads\/2020\/05\/Bildschirmfoto-2020-05-18-um-14.00.01.png\",\"datePublished\":\"2020-05-18T12:34:17+00:00\",\"dateModified\":\"2021-11-18T10:35:05+00:00\",\"description\":\"Das outdoor Fernturniere WOFAMM im Bogensport. Die einfache Art internationale Turnierluft zu erleben. Erlebe auch du das World Outdoor Flint Archery Mail Match.\",\"breadcrumb\":{\"@id\":\"https:\/\/sfs-archery.de\/?page_id=1990#breadcrumb\"},\"inLanguage\":\"de\",\"potentialAction\":[{\"@type\":\"ReadAction\",\"target\":[\"https:\/\/sfs-archery.de\/?page_id=1990\"]}]},{\"@type\":\"ImageObject\",\"inLanguage\":\"de\",\"@id\":\"https:\/\/sfs-archery.de\/?page_id=1990#primaryimage\",\"url\":\"https:\/\/sfs-archery.de\/wp-content\/uploads\/2020\/05\/Bildschirmfoto-2020-05-18-um-14.00.01.png\",\"contentUrl\":\"https:\/\/sfs-archery.de\/wp-content\/uploads\/2020\/05\/Bildschirmfoto-2020-05-18-um-14.00.01.png\",\"width\":470,\"height\":470,\"caption\":\"Flint Zielscheiben der IFAA\"},{\"@type\":\"BreadcrumbList\",\"@id\":\"https:\/\/sfs-archery.de\/?page_id=1990#breadcrumb\",\"itemListElement\":[{\"@type\":\"ListItem\",\"position\":1,\"name\":\"Startseite\",\"item\":\"https:\/\/sfs-archery.de\/\"},{\"@type\":\"ListItem\",\"position\":2,\"name\":\"Fernturniere im Bogensport\",\"item\":\"https:\/\/sfs-archery.de\/?page_id=2050\"},{\"@type\":\"ListItem\",\"position\":3,\"name\":\"WOFAMM (Flint Outdoor Mail Match)\"}]},{\"@type\":\"WebSite\",\"@id\":\"https:\/\/sfs-archery.de\/#website\",\"url\":\"https:\/\/sfs-archery.de\/\",\"name\":\"sfs-archery -Erlebnis Bogenschie\u00dfen-\",\"description\":\"Bogensport, Fitness, Training im Bogenschie\u00dfen und Turniere.\",\"publisher\":{\"@id\":\"https:\/\/sfs-archery.de\/#\/schema\/person\/35ed9e01696e805ee8db0b4d9bf4b52c\"},\"potentialAction\":[{\"@type\":\"SearchAction\",\"target\":{\"@type\":\"EntryPoint\",\"urlTemplate\":\"https:\/\/sfs-archery.de\/?s={search_term_string}\"},\"query-input\":{\"@type\":\"PropertyValueSpecification\",\"valueRequired\":true,\"valueName\":\"search_term_string\"}}],\"inLanguage\":\"de\"},{\"@type\":[\"Person\",\"Organization\"],\"@id\":\"https:\/\/sfs-archery.de\/#\/schema\/person\/35ed9e01696e805ee8db0b4d9bf4b52c\",\"name\":\"S\u00f6ren Spieckermann\",\"image\":{\"@type\":\"ImageObject\",\"inLanguage\":\"de\",\"@id\":\"https:\/\/sfs-archery.de\/#\/schema\/person\/image\/\",\"url\":\"https:\/\/sfs-archery.de\/wp-content\/uploads\/2020\/04\/IMG_20200308_095903_edited.jpg\",\"contentUrl\":\"https:\/\/sfs-archery.de\/wp-content\/uploads\/2020\/04\/IMG_20200308_095903_edited.jpg\",\"width\":1500,\"height\":1500,\"caption\":\"S\u00f6ren Spieckermann\"},\"logo\":{\"@id\":\"https:\/\/sfs-archery.de\/#\/schema\/person\/image\/\"},\"description\":\"S\u00f6ren Spieckermann besch\u00e4ftigt sich seit 2014 mit dem Bogensport. Er ist Mitglied im Bogensch\u00fctzenclub Neckargerach und nimmt an nationalen und internationalen Turnieren (IFAA) teil. Der Schwerpunkt seiner Ver\u00f6ffentlichungen liegt auf dem 3D Bogenschie\u00dfen, der Fitness im Bogensport, dem traditionellen Bogenschie\u00dfen und der Verbindung von Urlaub und Bogensport.. Neben dem Blog sfs-archery betreibt er die Internetseiten bogenurlaub-hohenlohe.de und blasrohrschiessen.de .\",\"sameAs\":[\"https:\/\/sfs-archery.de\/?page_id=69\"]}]}<\/script>\n<!-- \/ Yoast SEO plugin. -->","yoast_head_json":{"title":"Das WOFAMM der IFAA - sfs-archery -Erlebnis Bogenschie\u00dfen-","description":"Das outdoor Fernturniere WOFAMM im Bogensport. Die einfache Art internationale Turnierluft zu erleben. Erlebe auch du das World Outdoor Flint Archery Mail Match.","robots":{"index":"index","follow":"follow","max-snippet":"max-snippet:-1","max-image-preview":"max-image-preview:large","max-video-preview":"max-video-preview:-1"},"canonical":"https:\/\/sfs-archery.de\/?page_id=1990","og_locale":"de_DE","og_type":"article","og_title":"Das WOFAMM der IFAA - sfs-archery -Erlebnis Bogenschie\u00dfen-","og_description":"Das outdoor Fernturniere WOFAMM im Bogensport. Die einfache Art internationale Turnierluft zu erleben. Erlebe auch du das World Outdoor Flint Archery Mail Match.","og_url":"https:\/\/sfs-archery.de\/?page_id=1990","og_site_name":"sfs-archery -Erlebnis Bogenschie\u00dfen-","article_modified_time":"2021-11-18T10:35:05+00:00","og_image":[{"width":470,"height":470,"url":"https:\/\/sfs-archery.de\/wp-content\/uploads\/2020\/05\/Bildschirmfoto-2020-05-18-um-14.00.01.png","type":"image\/png"}],"twitter_card":"summary_large_image","twitter_misc":{"Gesch\u00e4tzte Lesezeit":"4\u00a0Minuten"},"schema":{"@context":"https:\/\/schema.org","@graph":[{"@type":"WebPage","@id":"https:\/\/sfs-archery.de\/?page_id=1990","url":"https:\/\/sfs-archery.de\/?page_id=1990","name":"Das WOFAMM der IFAA - sfs-archery -Erlebnis Bogenschie\u00dfen-","isPartOf":{"@id":"https:\/\/sfs-archery.de\/#website"},"primaryImageOfPage":{"@id":"https:\/\/sfs-archery.de\/?page_id=1990#primaryimage"},"image":{"@id":"https:\/\/sfs-archery.de\/?page_id=1990#primaryimage"},"thumbnailUrl":"https:\/\/sfs-archery.de\/wp-content\/uploads\/2020\/05\/Bildschirmfoto-2020-05-18-um-14.00.01.png","datePublished":"2020-05-18T12:34:17+00:00","dateModified":"2021-11-18T10:35:05+00:00","description":"Das outdoor Fernturniere WOFAMM im Bogensport. Die einfache Art internationale Turnierluft zu erleben. Erlebe auch du das World Outdoor Flint Archery Mail Match.","breadcrumb":{"@id":"https:\/\/sfs-archery.de\/?page_id=1990#breadcrumb"},"inLanguage":"de","potentialAction":[{"@type":"ReadAction","target":["https:\/\/sfs-archery.de\/?page_id=1990"]}]},{"@type":"ImageObject","inLanguage":"de","@id":"https:\/\/sfs-archery.de\/?page_id=1990#primaryimage","url":"https:\/\/sfs-archery.de\/wp-content\/uploads\/2020\/05\/Bildschirmfoto-2020-05-18-um-14.00.01.png","contentUrl":"https:\/\/sfs-archery.de\/wp-content\/uploads\/2020\/05\/Bildschirmfoto-2020-05-18-um-14.00.01.png","width":470,"height":470,"caption":"Flint Zielscheiben der IFAA"},{"@type":"BreadcrumbList","@id":"https:\/\/sfs-archery.de\/?page_id=1990#breadcrumb","itemListElement":[{"@type":"ListItem","position":1,"name":"Startseite","item":"https:\/\/sfs-archery.de\/"},{"@type":"ListItem","position":2,"name":"Fernturniere im Bogensport","item":"https:\/\/sfs-archery.de\/?page_id=2050"},{"@type":"ListItem","position":3,"name":"WOFAMM (Flint Outdoor Mail Match)"}]},{"@type":"WebSite","@id":"https:\/\/sfs-archery.de\/#website","url":"https:\/\/sfs-archery.de\/","name":"sfs-archery -Erlebnis Bogenschie\u00dfen-","description":"Bogensport, Fitness, Training im Bogenschie\u00dfen und Turniere.","publisher":{"@id":"https:\/\/sfs-archery.de\/#\/schema\/person\/35ed9e01696e805ee8db0b4d9bf4b52c"},"potentialAction":[{"@type":"SearchAction","target":{"@type":"EntryPoint","urlTemplate":"https:\/\/sfs-archery.de\/?s={search_term_string}"},"query-input":{"@type":"PropertyValueSpecification","valueRequired":true,"valueName":"search_term_string"}}],"inLanguage":"de"},{"@type":["Person","Organization"],"@id":"https:\/\/sfs-archery.de\/#\/schema\/person\/35ed9e01696e805ee8db0b4d9bf4b52c","name":"S\u00f6ren Spieckermann","image":{"@type":"ImageObject","inLanguage":"de","@id":"https:\/\/sfs-archery.de\/#\/schema\/person\/image\/","url":"https:\/\/sfs-archery.de\/wp-content\/uploads\/2020\/04\/IMG_20200308_095903_edited.jpg","contentUrl":"https:\/\/sfs-archery.de\/wp-content\/uploads\/2020\/04\/IMG_20200308_095903_edited.jpg","width":1500,"height":1500,"caption":"S\u00f6ren Spieckermann"},"logo":{"@id":"https:\/\/sfs-archery.de\/#\/schema\/person\/image\/"},"description":"S\u00f6ren Spieckermann besch\u00e4ftigt sich seit 2014 mit dem Bogensport. Er ist Mitglied im Bogensch\u00fctzenclub Neckargerach und nimmt an nationalen und internationalen Turnieren (IFAA) teil. Der Schwerpunkt seiner Ver\u00f6ffentlichungen liegt auf dem 3D Bogenschie\u00dfen, der Fitness im Bogensport, dem traditionellen Bogenschie\u00dfen und der Verbindung von Urlaub und Bogensport.. Neben dem Blog sfs-archery betreibt er die Internetseiten bogenurlaub-hohenlohe.de und blasrohrschiessen.de .","sameAs":["https:\/\/sfs-archery.de\/?page_id=69"]}]}},"_links":{"self":[{"href":"https:\/\/sfs-archery.de\/index.php?rest_route=\/wp\/v2\/pages\/1990","targetHints":{"allow":["GET"]}}],"collection":[{"href":"https:\/\/sfs-archery.de\/index.php?rest_route=\/wp\/v2\/pages"}],"about":[{"href":"https:\/\/sfs-archery.de\/index.php?rest_route=\/wp\/v2\/types\/page"}],"author":[{"embeddable":true,"href":"https:\/\/sfs-archery.de\/index.php?rest_route=\/wp\/v2\/users\/1"}],"replies":[{"embeddable":true,"href":"https:\/\/sfs-archery.de\/index.php?rest_route=%2Fwp%2Fv2%2Fcomments&post=1990"}],"version-history":[{"count":31,"href":"https:\/\/sfs-archery.de\/index.php?rest_route=\/wp\/v2\/pages\/1990\/revisions"}],"predecessor-version":[{"id":4106,"href":"https:\/\/sfs-archery.de\/index.php?rest_route=\/wp\/v2\/pages\/1990\/revisions\/4106"}],"up":[{"embeddable":true,"href":"https:\/\/sfs-archery.de\/index.php?rest_route=\/wp\/v2\/pages\/2050"}],"wp:featuredmedia":[{"embeddable":true,"href":"https:\/\/sfs-archery.de\/index.php?rest_route=\/wp\/v2\/media\/1998"}],"wp:attachment":[{"href":"https:\/\/sfs-archery.de\/index.php?rest_route=%2Fwp%2Fv2%2Fmedia&parent=1990"}],"curies":[{"name":"wp","href":"https:\/\/api.w.org\/{rel}","templated":true}]}}