{"id":2050,"date":"2020-05-20T11:06:20","date_gmt":"2020-05-20T09:06:20","guid":{"rendered":"http:\/\/sfs-archery.de\/?page_id=2050"},"modified":"2020-08-25T20:18:11","modified_gmt":"2020-08-25T18:18:11","slug":"internationale-turniere-2","status":"publish","type":"page","link":"https:\/\/sfs-archery.de\/?page_id=2050","title":{"rendered":"Fernturniere im Bogensport"},"content":{"rendered":"<div id=\"pl-2050\"  class=\"panel-layout\" ><div id=\"pg-2050-0\"  class=\"panel-grid panel-no-style\" ><div id=\"pgc-2050-0-0\"  class=\"panel-grid-cell\" ><div id=\"panel-2050-0-0-0\" class=\"so-panel widget widget_sow-headline panel-first-child\" data-index=\"0\" ><div\n\t\t\t\n\t\t\tclass=\"so-widget-sow-headline so-widget-sow-headline-default-2749c78f2498-2050\"\n\t\t\t\n\t\t><div class=\"sow-headline-container \">\n\t\t\t\t\t\t<div class=\"decoration\">\n\t\t\t\t\t\t<div class=\"decoration-inside\"><\/div>\n\t\t\t\t\t<\/div>\n\t\t\t\t\t\t\t\t\t\t\t<h1 class=\"sow-headline\">\n\t\t\t\t\t\tFernturniere im Bogensport (mail-in \/ mail match Turnier)\t\t\t\t\t\t<\/h1>\n\t\t\t\t\t\t\t\t\t\t\t\t<h2 class=\"sow-sub-headline\">\n\t\t\t\t\t\tVon Zuhause an einem (weltweiten) Fernturnier teilnehmen?\t\t\t\t\t\t<\/h2>\n\t\t\t\t\t\t<\/div>\n<\/div><\/div><div id=\"panel-2050-0-0-1\" class=\"so-panel widget widget_sow-image\" data-index=\"1\" ><div\n\t\t\t\n\t\t\tclass=\"so-widget-sow-image so-widget-sow-image-default-c67d20f9f743-2050\"\n\t\t\t\n\t\t>\n<div class=\"sow-image-container\">\n\t\t<img \n\tsrc=\"https:\/\/sfs-archery.de\/wp-content\/uploads\/2020\/05\/AdobeStock_3315368.jpg_klein-1536x511.jpg\" width=\"1536\" height=\"511\" srcset=\"https:\/\/sfs-archery.de\/wp-content\/uploads\/2020\/05\/AdobeStock_3315368.jpg_klein-1536x511.jpg 1536w, https:\/\/sfs-archery.de\/wp-content\/uploads\/2020\/05\/AdobeStock_3315368.jpg_klein-300x100.jpg 300w, https:\/\/sfs-archery.de\/wp-content\/uploads\/2020\/05\/AdobeStock_3315368.jpg_klein-1024x340.jpg 1024w, https:\/\/sfs-archery.de\/wp-content\/uploads\/2020\/05\/AdobeStock_3315368.jpg_klein-768x255.jpg 768w, https:\/\/sfs-archery.de\/wp-content\/uploads\/2020\/05\/AdobeStock_3315368.jpg_klein.jpg 2000w\" sizes=\"(max-width: 1536px) 100vw, 1536px\" alt=\"Weltkugel mit elektronischem Brief der umherfliegt.\" \t\tclass=\"so-widget-image\"\/>\n\t<\/div>\n\n<\/div><\/div><div id=\"panel-2050-0-0-2\" class=\"so-panel widget widget_sow-editor panel-last-child\" data-index=\"2\" ><div\n\t\t\t\n\t\t\tclass=\"so-widget-sow-editor so-widget-sow-editor-base\"\n\t\t\t\n\t\t><h3 class=\"widget-title\">Die Fernturniere im Bogensport<\/h3>\n<div class=\"siteorigin-widget-tinymce textwidget\">\n\t<p>Keine Zeit lange Strecken zu einem Turnier zu fahren? Suchst du etwas Abwechslung bzw. eine Herausforderung im Training? Du willst ganz ohen Druck und zwanglos Turnierluft schnupper?<\/p>\n<p>Oder du willst einfach mal eine \"Standortbestimmung\" deiner Leistungen in deiner <a href=\"https:\/\/sfs-archery.de\/?page_id=1876\">Bogensportdisziplin <\/a>im Vergleich zu anderen Sch\u00fctzen haben?<\/p>\n<p>Dann solltest du dir mal das Thema \"Fernturnieren im Bogensport\" ansehen.<\/p>\n<p>In \"grauer\" Vorzeit hast du evt. mal etwas von Fern\/Briefschach (Link zu Wikipedia: <a href=\"https:\/\/de.wikipedia.org\/wiki\/Fernschach\" rel=\"noopener\" target=\"_blank\">https:\/\/de.wikipedia.org\/wiki\/Fernschach<\/a>) geh\u00f6rt. Die Fernturniere im Bogensport sind was \u00e4hnliches.<\/p>\n<p>Bei einem Fernturnier ist es nicht notwendig sich an einem Turnierort einzufinden. Man schie\u00dft die Turnierrunden auf dem heimischen Bogenplatz oder der Trainingshalle. Dabei orientiert man sich an den Vorgaben des Turnierveranstalters. Zum Beispiel eine Entfernung von 18m , 12 Passen je 5 Pfeile auf ein vorgegebenes Ziel (z.B. 40cm Ringscheibe WA).<\/p>\n<p>Man meldet dann das Ergebnis (bzw. die Ergebnisse er einzelnen Turnierrunden) an die Turnierleitung per email oder \u00fcber ein Formular auf der Webseite. F\u00fcr die Meldung gibt es zeitliche Vorgaben bis wann die Meldung eingegangen sein muss. Nach Meldeschluss wird dann ein Ergebnis ver\u00f6ffentlicht. Die genaue Regeleinhaltung kann dabei nat\u00fcrlich nicht kontrolliert werden und man vertraut darauf das die eingereichten Wertungen auch tats\u00e4chlich erzielt wurden.<\/p>\n<p>Die Teilnahmegeb\u00fchren schwanken dabei zwischen 0 und wenigen Euros (meist knapp an die 10 Euro).<\/p>\n<\/div>\n<\/div><\/div><\/div><\/div><div id=\"pg-2050-1\"  class=\"panel-grid panel-no-style\" ><div id=\"pgc-2050-1-0\"  class=\"panel-grid-cell\" ><div id=\"panel-2050-1-0-0\" class=\"so-panel widget widget_sow-editor panel-first-child\" data-index=\"3\" ><div\n\t\t\t\n\t\t\tclass=\"so-widget-sow-editor so-widget-sow-editor-base\"\n\t\t\t\n\t\t><h3 class=\"widget-title\">WIAMM \/ World Indoor Archery Mail Match (IFAA)<\/h3>\n<div class=\"siteorigin-widget-tinymce textwidget\">\n\t<p>Das IFAA INDOOR FLINT WELT-FERNTURNIER (WIAAM),das vom IFAA Verband durchgef\u00fchrt wird, ist ein Fernturnier speziell f\u00fcr die Hallensaison. Die Turnierregeln entsprechen den Regeln f\u00fcr Hallenturniere des <a href=\"https:\/\/www.ifaa-archery.org\/\" rel=\"noopener\" target=\"_blank\">IFAA Verbands<\/a> und dessen angeschlossenen nationalen Verb\u00e4nden. Geschossen wir dabei die Hallenrunde auf 18,3m Entfernung.<\/p>\n<\/div>\n<\/div><\/div><div id=\"panel-2050-1-0-1\" class=\"so-panel widget widget_sow-button panel-last-child\" data-index=\"4\" ><div\n\t\t\t\n\t\t\tclass=\"so-widget-sow-button so-widget-sow-button-flat-a50235438e60-2050\"\n\t\t\t\n\t\t><div class=\"ow-button-base ow-button-align-center\"\n>\n\t\t\t<a\n\t\t\t\t\thref=\"https:\/\/sfs-archery.de\/?page_id=2012\"\n\t\t\t\t\tclass=\"sowb-button ow-icon-placement-left ow-button-hover\" \t>\n\t\t<span>\n\t\t\t<span class=\"sow-icon-elegantline\" data-sow-icon=\"&#xe005;\"\n\t\tstyle=\"\" \n\t\taria-hidden=\"true\"><\/span>\n\t\t\tWIAMM\t\t<\/span>\n\t\t\t<\/a>\n\t<\/div>\n<\/div><\/div><\/div><div id=\"pgc-2050-1-1\"  class=\"panel-grid-cell\" ><div id=\"panel-2050-1-1-0\" class=\"so-panel widget widget_sow-editor panel-first-child\" data-index=\"5\" ><div\n\t\t\t\n\t\t\tclass=\"so-widget-sow-editor so-widget-sow-editor-base\"\n\t\t\t\n\t\t><h3 class=\"widget-title\">WOFAMM \/ World Outdoor Flint Mail Match (IFAA)<\/h3>\n<div class=\"siteorigin-widget-tinymce textwidget\">\n\t<p>Das IFAA OUTDOOR FLINT WELT-FERNTURNIER (WOFAAM) ist ein Turnierformat f\u00fcr die Freiluftsaison. Allerdings kann das Format auch in der Halle geschossen werden. Andauerndes Regenwetter ist also nur bedingt eine Ausrede :-).<br \/>\nGeschossen wir dabei die sogenannte FLINT-Runde.<\/p>\n<\/div>\n<\/div><\/div><div id=\"panel-2050-1-1-1\" class=\"so-panel widget widget_sow-button panel-last-child\" data-index=\"6\" ><div\n\t\t\t\n\t\t\tclass=\"so-widget-sow-button so-widget-sow-button-flat-a50235438e60-2050\"\n\t\t\t\n\t\t><div class=\"ow-button-base ow-button-align-center\"\n>\n\t\t\t<a\n\t\t\t\t\thref=\"https:\/\/sfs-archery.de\/?page_id=1990\"\n\t\t\t\t\tclass=\"sowb-button ow-icon-placement-left ow-button-hover\" \t>\n\t\t<span>\n\t\t\t<span class=\"sow-icon-elegantline\" data-sow-icon=\"&#xe005;\"\n\t\tstyle=\"\" \n\t\taria-hidden=\"true\"><\/span>\n\t\t\tWOFAMM\t\t<\/span>\n\t\t\t<\/a>\n\t<\/div>\n<\/div><\/div><\/div><\/div><\/div>","protected":false},"excerpt":{"rendered":"<p>Keine Zeit lange Strecken zu einem Turnier zu fahren? Suchst du etwas Abwechslung bzw. eine Herausforderung im Training? Du willst ganz ohen Druck und zwanglos Turnierluft schnupper? Oder du willst einfach mal eine &#8222;Standortbestimmung&#8220; deiner Leistungen in deiner Bogensportdisziplin im [&hellip;]<\/p>\n","protected":false},"author":1,"featured_media":2040,"parent":0,"menu_order":0,"comment_status":"closed","ping_status":"closed","template":"","meta":{"footnotes":""},"class_list":["post-2050","page","type-page","status-publish","has-post-thumbnail","hentry","post","post-with-thumbnail","post-with-thumbnail-large"],"yoast_head":"<!-- This site is optimized with the Yoast SEO plugin v26.8 - https:\/\/yoast.com\/product\/yoast-seo-wordpress\/ -->\n<title>Fernturniere im Bogensport - sfs-archery -Erlebnis Bogenschie\u00dfen-<\/title>\n<meta name=\"description\" content=\"Fernturniere im Bogensport. Weltweite Teilnahme an Turnieren von Zuhause aus. Eine Option f\u00fcr jeden ambitionierten Bogensch\u00fctzen.\" \/>\n<meta name=\"robots\" content=\"index, follow, max-snippet:-1, max-image-preview:large, max-video-preview:-1\" \/>\n<link rel=\"canonical\" href=\"https:\/\/sfs-archery.de\/?page_id=2050\" \/>\n<meta property=\"og:locale\" content=\"de_DE\" \/>\n<meta property=\"og:type\" content=\"article\" \/>\n<meta property=\"og:title\" content=\"Fernturniere im Bogensport - sfs-archery -Erlebnis Bogenschie\u00dfen-\" \/>\n<meta property=\"og:description\" content=\"Fernturniere im Bogensport. Weltweite Teilnahme an Turnieren von Zuhause aus. Eine Option f\u00fcr jeden ambitionierten Bogensch\u00fctzen.\" \/>\n<meta property=\"og:url\" content=\"https:\/\/sfs-archery.de\/?page_id=2050\" \/>\n<meta property=\"og:site_name\" content=\"sfs-archery -Erlebnis Bogenschie\u00dfen-\" \/>\n<meta property=\"article:modified_time\" content=\"2020-08-25T18:18:11+00:00\" \/>\n<meta property=\"og:image\" content=\"https:\/\/sfs-archery.de\/wp-content\/uploads\/2020\/05\/AdobeStock_3315368.jpg_klein.jpg\" \/>\n\t<meta property=\"og:image:width\" content=\"2000\" \/>\n\t<meta property=\"og:image:height\" content=\"665\" \/>\n\t<meta property=\"og:image:type\" content=\"image\/jpeg\" \/>\n<meta name=\"twitter:card\" content=\"summary_large_image\" \/>\n<meta name=\"twitter:label1\" content=\"Gesch\u00e4tzte Lesezeit\" \/>\n\t<meta name=\"twitter:data1\" content=\"2\u00a0Minuten\" \/>\n<script type=\"application\/ld+json\" class=\"yoast-schema-graph\">{\"@context\":\"https:\/\/schema.org\",\"@graph\":[{\"@type\":\"WebPage\",\"@id\":\"https:\/\/sfs-archery.de\/?page_id=2050\",\"url\":\"https:\/\/sfs-archery.de\/?page_id=2050\",\"name\":\"Fernturniere im Bogensport - sfs-archery -Erlebnis Bogenschie\u00dfen-\",\"isPartOf\":{\"@id\":\"https:\/\/sfs-archery.de\/#website\"},\"primaryImageOfPage\":{\"@id\":\"https:\/\/sfs-archery.de\/?page_id=2050#primaryimage\"},\"image\":{\"@id\":\"https:\/\/sfs-archery.de\/?page_id=2050#primaryimage\"},\"thumbnailUrl\":\"https:\/\/sfs-archery.de\/wp-content\/uploads\/2020\/05\/AdobeStock_3315368.jpg_klein.jpg\",\"datePublished\":\"2020-05-20T09:06:20+00:00\",\"dateModified\":\"2020-08-25T18:18:11+00:00\",\"description\":\"Fernturniere im Bogensport. Weltweite Teilnahme an Turnieren von Zuhause aus. Eine Option f\u00fcr jeden ambitionierten Bogensch\u00fctzen.\",\"breadcrumb\":{\"@id\":\"https:\/\/sfs-archery.de\/?page_id=2050#breadcrumb\"},\"inLanguage\":\"de\",\"potentialAction\":[{\"@type\":\"ReadAction\",\"target\":[\"https:\/\/sfs-archery.de\/?page_id=2050\"]}]},{\"@type\":\"ImageObject\",\"inLanguage\":\"de\",\"@id\":\"https:\/\/sfs-archery.de\/?page_id=2050#primaryimage\",\"url\":\"https:\/\/sfs-archery.de\/wp-content\/uploads\/2020\/05\/AdobeStock_3315368.jpg_klein.jpg\",\"contentUrl\":\"https:\/\/sfs-archery.de\/wp-content\/uploads\/2020\/05\/AdobeStock_3315368.jpg_klein.jpg\",\"width\":2000,\"height\":665,\"caption\":\"Weltkugel mit elektronischem Brief der umherfliegt.\"},{\"@type\":\"BreadcrumbList\",\"@id\":\"https:\/\/sfs-archery.de\/?page_id=2050#breadcrumb\",\"itemListElement\":[{\"@type\":\"ListItem\",\"position\":1,\"name\":\"Startseite\",\"item\":\"https:\/\/sfs-archery.de\/\"},{\"@type\":\"ListItem\",\"position\":2,\"name\":\"Fernturniere im Bogensport\"}]},{\"@type\":\"WebSite\",\"@id\":\"https:\/\/sfs-archery.de\/#website\",\"url\":\"https:\/\/sfs-archery.de\/\",\"name\":\"sfs-archery -Erlebnis Bogenschie\u00dfen-\",\"description\":\"Bogensport, Fitness, Training im Bogenschie\u00dfen und Turniere.\",\"publisher\":{\"@id\":\"https:\/\/sfs-archery.de\/#\/schema\/person\/35ed9e01696e805ee8db0b4d9bf4b52c\"},\"potentialAction\":[{\"@type\":\"SearchAction\",\"target\":{\"@type\":\"EntryPoint\",\"urlTemplate\":\"https:\/\/sfs-archery.de\/?s={search_term_string}\"},\"query-input\":{\"@type\":\"PropertyValueSpecification\",\"valueRequired\":true,\"valueName\":\"search_term_string\"}}],\"inLanguage\":\"de\"},{\"@type\":[\"Person\",\"Organization\"],\"@id\":\"https:\/\/sfs-archery.de\/#\/schema\/person\/35ed9e01696e805ee8db0b4d9bf4b52c\",\"name\":\"S\u00f6ren Spieckermann\",\"image\":{\"@type\":\"ImageObject\",\"inLanguage\":\"de\",\"@id\":\"https:\/\/sfs-archery.de\/#\/schema\/person\/image\/\",\"url\":\"https:\/\/sfs-archery.de\/wp-content\/uploads\/2020\/04\/IMG_20200308_095903_edited.jpg\",\"contentUrl\":\"https:\/\/sfs-archery.de\/wp-content\/uploads\/2020\/04\/IMG_20200308_095903_edited.jpg\",\"width\":1500,\"height\":1500,\"caption\":\"S\u00f6ren Spieckermann\"},\"logo\":{\"@id\":\"https:\/\/sfs-archery.de\/#\/schema\/person\/image\/\"},\"description\":\"S\u00f6ren Spieckermann besch\u00e4ftigt sich seit 2014 mit dem Bogensport. Er ist Mitglied im Bogensch\u00fctzenclub Neckargerach und nimmt an nationalen und internationalen Turnieren (IFAA) teil. Der Schwerpunkt seiner Ver\u00f6ffentlichungen liegt auf dem 3D Bogenschie\u00dfen, der Fitness im Bogensport, dem traditionellen Bogenschie\u00dfen und der Verbindung von Urlaub und Bogensport.. Neben dem Blog sfs-archery betreibt er die Internetseiten bogenurlaub-hohenlohe.de und blasrohrschiessen.de .\",\"sameAs\":[\"https:\/\/sfs-archery.de\/?page_id=69\"]}]}<\/script>\n<!-- \/ Yoast SEO plugin. -->","yoast_head_json":{"title":"Fernturniere im Bogensport - sfs-archery -Erlebnis Bogenschie\u00dfen-","description":"Fernturniere im Bogensport. Weltweite Teilnahme an Turnieren von Zuhause aus. Eine Option f\u00fcr jeden ambitionierten Bogensch\u00fctzen.","robots":{"index":"index","follow":"follow","max-snippet":"max-snippet:-1","max-image-preview":"max-image-preview:large","max-video-preview":"max-video-preview:-1"},"canonical":"https:\/\/sfs-archery.de\/?page_id=2050","og_locale":"de_DE","og_type":"article","og_title":"Fernturniere im Bogensport - sfs-archery -Erlebnis Bogenschie\u00dfen-","og_description":"Fernturniere im Bogensport. Weltweite Teilnahme an Turnieren von Zuhause aus. Eine Option f\u00fcr jeden ambitionierten Bogensch\u00fctzen.","og_url":"https:\/\/sfs-archery.de\/?page_id=2050","og_site_name":"sfs-archery -Erlebnis Bogenschie\u00dfen-","article_modified_time":"2020-08-25T18:18:11+00:00","og_image":[{"width":2000,"height":665,"url":"https:\/\/sfs-archery.de\/wp-content\/uploads\/2020\/05\/AdobeStock_3315368.jpg_klein.jpg","type":"image\/jpeg"}],"twitter_card":"summary_large_image","twitter_misc":{"Gesch\u00e4tzte Lesezeit":"2\u00a0Minuten"},"schema":{"@context":"https:\/\/schema.org","@graph":[{"@type":"WebPage","@id":"https:\/\/sfs-archery.de\/?page_id=2050","url":"https:\/\/sfs-archery.de\/?page_id=2050","name":"Fernturniere im Bogensport - sfs-archery -Erlebnis Bogenschie\u00dfen-","isPartOf":{"@id":"https:\/\/sfs-archery.de\/#website"},"primaryImageOfPage":{"@id":"https:\/\/sfs-archery.de\/?page_id=2050#primaryimage"},"image":{"@id":"https:\/\/sfs-archery.de\/?page_id=2050#primaryimage"},"thumbnailUrl":"https:\/\/sfs-archery.de\/wp-content\/uploads\/2020\/05\/AdobeStock_3315368.jpg_klein.jpg","datePublished":"2020-05-20T09:06:20+00:00","dateModified":"2020-08-25T18:18:11+00:00","description":"Fernturniere im Bogensport. Weltweite Teilnahme an Turnieren von Zuhause aus. Eine Option f\u00fcr jeden ambitionierten Bogensch\u00fctzen.","breadcrumb":{"@id":"https:\/\/sfs-archery.de\/?page_id=2050#breadcrumb"},"inLanguage":"de","potentialAction":[{"@type":"ReadAction","target":["https:\/\/sfs-archery.de\/?page_id=2050"]}]},{"@type":"ImageObject","inLanguage":"de","@id":"https:\/\/sfs-archery.de\/?page_id=2050#primaryimage","url":"https:\/\/sfs-archery.de\/wp-content\/uploads\/2020\/05\/AdobeStock_3315368.jpg_klein.jpg","contentUrl":"https:\/\/sfs-archery.de\/wp-content\/uploads\/2020\/05\/AdobeStock_3315368.jpg_klein.jpg","width":2000,"height":665,"caption":"Weltkugel mit elektronischem Brief der umherfliegt."},{"@type":"BreadcrumbList","@id":"https:\/\/sfs-archery.de\/?page_id=2050#breadcrumb","itemListElement":[{"@type":"ListItem","position":1,"name":"Startseite","item":"https:\/\/sfs-archery.de\/"},{"@type":"ListItem","position":2,"name":"Fernturniere im Bogensport"}]},{"@type":"WebSite","@id":"https:\/\/sfs-archery.de\/#website","url":"https:\/\/sfs-archery.de\/","name":"sfs-archery -Erlebnis Bogenschie\u00dfen-","description":"Bogensport, Fitness, Training im Bogenschie\u00dfen und Turniere.","publisher":{"@id":"https:\/\/sfs-archery.de\/#\/schema\/person\/35ed9e01696e805ee8db0b4d9bf4b52c"},"potentialAction":[{"@type":"SearchAction","target":{"@type":"EntryPoint","urlTemplate":"https:\/\/sfs-archery.de\/?s={search_term_string}"},"query-input":{"@type":"PropertyValueSpecification","valueRequired":true,"valueName":"search_term_string"}}],"inLanguage":"de"},{"@type":["Person","Organization"],"@id":"https:\/\/sfs-archery.de\/#\/schema\/person\/35ed9e01696e805ee8db0b4d9bf4b52c","name":"S\u00f6ren Spieckermann","image":{"@type":"ImageObject","inLanguage":"de","@id":"https:\/\/sfs-archery.de\/#\/schema\/person\/image\/","url":"https:\/\/sfs-archery.de\/wp-content\/uploads\/2020\/04\/IMG_20200308_095903_edited.jpg","contentUrl":"https:\/\/sfs-archery.de\/wp-content\/uploads\/2020\/04\/IMG_20200308_095903_edited.jpg","width":1500,"height":1500,"caption":"S\u00f6ren Spieckermann"},"logo":{"@id":"https:\/\/sfs-archery.de\/#\/schema\/person\/image\/"},"description":"S\u00f6ren Spieckermann besch\u00e4ftigt sich seit 2014 mit dem Bogensport. Er ist Mitglied im Bogensch\u00fctzenclub Neckargerach und nimmt an nationalen und internationalen Turnieren (IFAA) teil. Der Schwerpunkt seiner Ver\u00f6ffentlichungen liegt auf dem 3D Bogenschie\u00dfen, der Fitness im Bogensport, dem traditionellen Bogenschie\u00dfen und der Verbindung von Urlaub und Bogensport.. Neben dem Blog sfs-archery betreibt er die Internetseiten bogenurlaub-hohenlohe.de und blasrohrschiessen.de .","sameAs":["https:\/\/sfs-archery.de\/?page_id=69"]}]}},"_links":{"self":[{"href":"https:\/\/sfs-archery.de\/index.php?rest_route=\/wp\/v2\/pages\/2050","targetHints":{"allow":["GET"]}}],"collection":[{"href":"https:\/\/sfs-archery.de\/index.php?rest_route=\/wp\/v2\/pages"}],"about":[{"href":"https:\/\/sfs-archery.de\/index.php?rest_route=\/wp\/v2\/types\/page"}],"author":[{"embeddable":true,"href":"https:\/\/sfs-archery.de\/index.php?rest_route=\/wp\/v2\/users\/1"}],"replies":[{"embeddable":true,"href":"https:\/\/sfs-archery.de\/index.php?rest_route=%2Fwp%2Fv2%2Fcomments&post=2050"}],"version-history":[{"count":30,"href":"https:\/\/sfs-archery.de\/index.php?rest_route=\/wp\/v2\/pages\/2050\/revisions"}],"predecessor-version":[{"id":3642,"href":"https:\/\/sfs-archery.de\/index.php?rest_route=\/wp\/v2\/pages\/2050\/revisions\/3642"}],"wp:featuredmedia":[{"embeddable":true,"href":"https:\/\/sfs-archery.de\/index.php?rest_route=\/wp\/v2\/media\/2040"}],"wp:attachment":[{"href":"https:\/\/sfs-archery.de\/index.php?rest_route=%2Fwp%2Fv2%2Fmedia&parent=2050"}],"curies":[{"name":"wp","href":"https:\/\/api.w.org\/{rel}","templated":true}]}}