{"id":781,"date":"2018-04-10T13:33:11","date_gmt":"2018-04-10T11:33:11","guid":{"rendered":"http:\/\/sfs-archery.de\/?page_id=781"},"modified":"2020-08-06T13:57:56","modified_gmt":"2020-08-06T11:57:56","slug":"3d-bogenparcour-2","status":"publish","type":"page","link":"https:\/\/sfs-archery.de\/?page_id=781","title":{"rendered":"Bogenschie\u00dfen und Urlaub ist eine tolle Verbindung"},"content":{"rendered":"<h2>Urlaubsziele f\u00fcr den n\u00e4chsten Bogenurlaub<\/h2>\n<p>Diese Seite ist veraltet. Bitte auf die neue Seite zum Thema <a href=\"https:\/\/sfs-archery.de\/?page_id=2078\">Bogenurlaub in Europa<\/a> gehen. Danke \ud83d\ude42<\/p>\n<p>Ein Schwerpunkt meines Blogs stellen Beitr\u00e4ge zum Thema <a href=\"https:\/\/sfs-archery.de\/?page_id=2078\">Bogenurlaub<\/a> dar. D.h. Hotels, Bogensportzentren, &#8230;. welche sich f\u00fcr einen Urlaub in Kombination mit Bogenschie\u00dfen eignen.<br \/>\nSchwerpunkt dabei ist der 3D Bogensport (z.B. Hotel mit <a href=\"https:\/\/sfs-archery.de\/?page_id=2123\">3D Parcours<\/a>). Denn was gibt es sch\u00f6neres als die sch\u00f6nste Zeit im Jahr mit dem sch\u00f6nsten Hobby zu verbinden? Nichts. Deshalb ist die Kombination so reizvoll. <a href=\"https:\/\/sfs-archery.de\/?page_id=74\">Bogenschie\u00dfen<\/a> und Urlaub machen zusammen Spa\u00df \ud83d\ude42<br \/>\nDa der Bogensport gerade im Trend liegt wird das Angebot in diese Richtung auch immer gr\u00f6\u00dfer.<\/p>\n<div id=\"attachment_551\" style=\"width: 310px\" class=\"wp-caption aligncenter\"><a href=\"http:\/\/sfs-archery.de\/wp-content\/uploads\/2017\/08\/IMG_20170817_172400.jpg\"><img loading=\"lazy\" decoding=\"async\" aria-describedby=\"caption-attachment-551\" class=\"size-medium wp-image-551\" src=\"http:\/\/sfs-archery.de\/wp-content\/uploads\/2017\/08\/IMG_20170817_172400-300x225.jpg\" alt=\"Terrasse Hotel Faustschl\u00f6ssl\" width=\"300\" height=\"225\" srcset=\"https:\/\/sfs-archery.de\/wp-content\/uploads\/2017\/08\/IMG_20170817_172400-300x225.jpg 300w, https:\/\/sfs-archery.de\/wp-content\/uploads\/2017\/08\/IMG_20170817_172400-768x576.jpg 768w, https:\/\/sfs-archery.de\/wp-content\/uploads\/2017\/08\/IMG_20170817_172400-1024x768.jpg 1024w\" sizes=\"auto, (max-width: 300px) 100vw, 300px\" \/><\/a><p id=\"caption-attachment-551\" class=\"wp-caption-text\">Terrasse Hotel Faustschl\u00f6ssl<\/p><\/div>\n<p>Gerade im Ausland ist es schwer entsprechende Angebote zu finden. Ich stell hier im Blog Urlaubsziele vor welche ich selbst besucht habe oder auf die ich aufmerksam geworden bin.<br \/>\nSolltet ihr weitere Angebote kennen dann bin ich f\u00fcr jeden Hinweis dankbar. Dazu bitte eine Info an diese Email-Adresse: soeren.spieckermann@web.de<\/p>\n<p>Die Urlaubsziele beschr\u00e4nken sich aktuell auf Europa. Insbesondere f\u00fcr Urlaube in Deutschland, \u00d6sterreich und Italien. Aber auch Frankreich und andere L\u00e4nder werden bzw. sind vertreten. In diesen L\u00e4ndern gibt es gute M\u00f6glichkeiten Bogenschie\u00dfen und Urlaub zu verbinden.<\/p>\n<div id=\"attachment_579\" style=\"width: 310px\" class=\"wp-caption aligncenter\"><a href=\"http:\/\/sfs-archery.de\/wp-content\/uploads\/2017\/08\/IMG_20170818_123510.jpg\"><img loading=\"lazy\" decoding=\"async\" aria-describedby=\"caption-attachment-579\" class=\"size-medium wp-image-579\" src=\"http:\/\/sfs-archery.de\/wp-content\/uploads\/2017\/08\/IMG_20170818_123510-300x225.jpg\" alt=\"Symbolfoto: Gasthaus mit Terrasse\" width=\"300\" height=\"225\" srcset=\"https:\/\/sfs-archery.de\/wp-content\/uploads\/2017\/08\/IMG_20170818_123510-300x225.jpg 300w, https:\/\/sfs-archery.de\/wp-content\/uploads\/2017\/08\/IMG_20170818_123510-768x576.jpg 768w, https:\/\/sfs-archery.de\/wp-content\/uploads\/2017\/08\/IMG_20170818_123510-1024x768.jpg 1024w\" sizes=\"auto, (max-width: 300px) 100vw, 300px\" \/><\/a><p id=\"caption-attachment-579\" class=\"wp-caption-text\">Symbolfoto: Gasthaus mit Terrasse<\/p><\/div>\n<h2>Urlaubsziele<\/h2>\n<p>Die einzelnen Blogbeitr\u00e4ge sind in der Rubrik &#8222;Bogenurlaub&#8220; im Blog zusammengefasst.<br \/>\nLink: <a href=\"http:\/\/sfs-archery.de\/?cat=142\">http:\/\/sfs-archery.de\/?cat=142<\/a><\/p>\n<p><em>Bisher erschienene Beitr\u00e4ge<\/em><\/p>\n<p><strong>Bogenurlaub<\/strong><br \/>\nEine Linkliste mit der Angeboten aus Deutschland, \u00d6sterreich, Italien und Frankreich<br \/>\n<a href=\"http:\/\/sfs-archery.de\/?p=727\">http:\/\/sfs-archery.de\/?p=727<\/a><\/p>\n<p><strong>Bogenurlaub in S\u00fcdtirol, Tirol und dem Engadin (CH)<\/strong><br \/>\nEine Vorstellung des Angebots in dem Dreil\u00e4ndereck Italien (S\u00fcdtirol),\u00d6sterreich (Tirol) und der Schweiz (Engadin).<br \/>\n<a href=\"http:\/\/sfs-archery.de\/?p=731\">http:\/\/sfs-archery.de\/?p=731<\/a><\/p>\n<p><strong>Altana del Motto Rosso (Italien \/ nahe Lago Maggiore)<\/strong><br \/>\nEine Kurzvorstellung des Bauernhofs mit Restaurant\/Hotel und dem angeschlossenen Bogensportzentrums.<br \/>\n<a href=\"http:\/\/sfs-archery.de\/?p=776\">http:\/\/sfs-archery.de\/?p=776<\/a><\/p>\n<p><strong>Bogensportzentrum Breitenstein (AUT \/ N\u00f6rdlich von Linz) <\/strong><br \/>\nEine Vorstellung des Angebots des bekannten Bogensportzentrums Breitenstein in \u00d6sterreich.<br \/>\n<a href=\"http:\/\/sfs-archery.de\/?p=740\">http:\/\/sfs-archery.de\/?p=740<\/a><\/p>\n<h1>Hinweis<\/h1>\n<p>Ich gehe nicht auf rechtliche Bestimmungen in den einzelnen L\u00e4ndern ein welche sich in diesem Zusammenhang ergeben. (Mitf\u00fchren\/Einfuhr einer Bogensportausr\u00fcstung,..)<br \/>\nIch bitte hier sich selbst zu informieren damit man nicht an der Grenze oder Flughafen \u00fcberrascht wird.<\/p>\n<p>Gru\u00df<br \/>\nsfs-archery\/ S\u00f6ren<\/p>\n","protected":false},"excerpt":{"rendered":"<p>Urlaubsziele f\u00fcr den n\u00e4chsten Bogenurlaub Diese Seite ist veraltet. Bitte auf die neue Seite zum Thema Bogenurlaub in Europa gehen. Danke \ud83d\ude42 Ein Schwerpunkt meines Blogs stellen Beitr\u00e4ge zum Thema Bogenurlaub dar. D.h. Hotels, Bogensportzentren, &#8230;. welche sich f\u00fcr einen [&hellip;]<\/p>\n","protected":false},"author":1,"featured_media":579,"parent":0,"menu_order":0,"comment_status":"open","ping_status":"open","template":"","meta":{"footnotes":""},"class_list":["post-781","page","type-page","status-publish","has-post-thumbnail","hentry","post","post-with-thumbnail","post-with-thumbnail-large"],"yoast_head":"<!-- This site is optimized with the Yoast SEO plugin v26.8 - https:\/\/yoast.com\/product\/yoast-seo-wordpress\/ -->\n<title>Bogenschie\u00dfen und Urlaub ist eine tolle Verbindung - sfs-archery -Erlebnis Bogenschie\u00dfen-<\/title>\n<meta name=\"description\" content=\"Bogenschie\u00dfen und Urlaub ist ein echtes Erlebnis. Aber wo kann man dies machen? Urlaubsziele in Europa werden hier vorgestellt.\" \/>\n<meta name=\"robots\" content=\"index, follow, max-snippet:-1, max-image-preview:large, max-video-preview:-1\" \/>\n<link rel=\"canonical\" href=\"https:\/\/sfs-archery.de\/?page_id=2078\" \/>\n<meta property=\"og:locale\" content=\"de_DE\" \/>\n<meta property=\"og:type\" content=\"article\" \/>\n<meta property=\"og:title\" content=\"Bogenschie\u00dfen und Urlaub ist eine tolle Verbindung - sfs-archery -Erlebnis Bogenschie\u00dfen-\" \/>\n<meta property=\"og:description\" content=\"Bogenschie\u00dfen und Urlaub ist ein echtes Erlebnis. Aber wo kann man dies machen? Urlaubsziele in Europa werden hier vorgestellt.\" \/>\n<meta property=\"og:url\" content=\"https:\/\/sfs-archery.de\/?page_id=2078\" \/>\n<meta property=\"og:site_name\" content=\"sfs-archery -Erlebnis Bogenschie\u00dfen-\" \/>\n<meta property=\"article:modified_time\" content=\"2020-08-06T11:57:56+00:00\" \/>\n<meta property=\"og:image\" content=\"https:\/\/sfs-archery.de\/wp-content\/uploads\/2017\/08\/IMG_20170818_123510-1024x768.jpg\" \/>\n\t<meta property=\"og:image:width\" content=\"1024\" \/>\n\t<meta property=\"og:image:height\" content=\"768\" \/>\n\t<meta property=\"og:image:type\" content=\"image\/jpeg\" \/>\n<meta name=\"twitter:card\" content=\"summary_large_image\" \/>\n<meta name=\"twitter:label1\" content=\"Gesch\u00e4tzte Lesezeit\" \/>\n\t<meta name=\"twitter:data1\" content=\"2\u00a0Minuten\" \/>\n<script type=\"application\/ld+json\" class=\"yoast-schema-graph\">{\"@context\":\"https:\/\/schema.org\",\"@graph\":[{\"@type\":\"WebPage\",\"@id\":\"https:\/\/sfs-archery.de\/?page_id=781\",\"url\":\"https:\/\/sfs-archery.de\/?page_id=2078\",\"name\":\"Bogenschie\u00dfen und Urlaub ist eine tolle Verbindung - sfs-archery -Erlebnis Bogenschie\u00dfen-\",\"isPartOf\":{\"@id\":\"https:\/\/sfs-archery.de\/#website\"},\"primaryImageOfPage\":{\"@id\":\"https:\/\/sfs-archery.de\/?page_id=2078#primaryimage\"},\"image\":{\"@id\":\"https:\/\/sfs-archery.de\/?page_id=2078#primaryimage\"},\"thumbnailUrl\":\"https:\/\/sfs-archery.de\/wp-content\/uploads\/2017\/08\/IMG_20170818_123510.jpg\",\"datePublished\":\"2018-04-10T11:33:11+00:00\",\"dateModified\":\"2020-08-06T11:57:56+00:00\",\"description\":\"Bogenschie\u00dfen und Urlaub ist ein echtes Erlebnis. Aber wo kann man dies machen? Urlaubsziele in Europa werden hier vorgestellt.\",\"breadcrumb\":{\"@id\":\"https:\/\/sfs-archery.de\/?page_id=2078#breadcrumb\"},\"inLanguage\":\"de\",\"potentialAction\":[{\"@type\":\"ReadAction\",\"target\":[\"https:\/\/sfs-archery.de\/?page_id=2078\"]}]},{\"@type\":\"ImageObject\",\"inLanguage\":\"de\",\"@id\":\"https:\/\/sfs-archery.de\/?page_id=2078#primaryimage\",\"url\":\"https:\/\/sfs-archery.de\/wp-content\/uploads\/2017\/08\/IMG_20170818_123510.jpg\",\"contentUrl\":\"https:\/\/sfs-archery.de\/wp-content\/uploads\/2017\/08\/IMG_20170818_123510.jpg\",\"width\":3968,\"height\":2976,\"caption\":\"Symbolfoto: Gasthaus mit Terrasse\"},{\"@type\":\"BreadcrumbList\",\"@id\":\"https:\/\/sfs-archery.de\/?page_id=2078#breadcrumb\",\"itemListElement\":[{\"@type\":\"ListItem\",\"position\":1,\"name\":\"Startseite\",\"item\":\"https:\/\/sfs-archery.de\/\"},{\"@type\":\"ListItem\",\"position\":2,\"name\":\"Bogenschie\u00dfen und Urlaub ist eine tolle Verbindung\"}]},{\"@type\":\"WebSite\",\"@id\":\"https:\/\/sfs-archery.de\/#website\",\"url\":\"https:\/\/sfs-archery.de\/\",\"name\":\"sfs-archery -Erlebnis Bogenschie\u00dfen-\",\"description\":\"Bogensport, Fitness, Training im Bogenschie\u00dfen und Turniere.\",\"publisher\":{\"@id\":\"https:\/\/sfs-archery.de\/#\/schema\/person\/35ed9e01696e805ee8db0b4d9bf4b52c\"},\"potentialAction\":[{\"@type\":\"SearchAction\",\"target\":{\"@type\":\"EntryPoint\",\"urlTemplate\":\"https:\/\/sfs-archery.de\/?s={search_term_string}\"},\"query-input\":{\"@type\":\"PropertyValueSpecification\",\"valueRequired\":true,\"valueName\":\"search_term_string\"}}],\"inLanguage\":\"de\"},{\"@type\":[\"Person\",\"Organization\"],\"@id\":\"https:\/\/sfs-archery.de\/#\/schema\/person\/35ed9e01696e805ee8db0b4d9bf4b52c\",\"name\":\"S\u00f6ren Spieckermann\",\"image\":{\"@type\":\"ImageObject\",\"inLanguage\":\"de\",\"@id\":\"https:\/\/sfs-archery.de\/#\/schema\/person\/image\/\",\"url\":\"https:\/\/sfs-archery.de\/wp-content\/uploads\/2020\/04\/IMG_20200308_095903_edited.jpg\",\"contentUrl\":\"https:\/\/sfs-archery.de\/wp-content\/uploads\/2020\/04\/IMG_20200308_095903_edited.jpg\",\"width\":1500,\"height\":1500,\"caption\":\"S\u00f6ren Spieckermann\"},\"logo\":{\"@id\":\"https:\/\/sfs-archery.de\/#\/schema\/person\/image\/\"},\"description\":\"S\u00f6ren Spieckermann besch\u00e4ftigt sich seit 2014 mit dem Bogensport. Er ist Mitglied im Bogensch\u00fctzenclub Neckargerach und nimmt an nationalen und internationalen Turnieren (IFAA) teil. Der Schwerpunkt seiner Ver\u00f6ffentlichungen liegt auf dem 3D Bogenschie\u00dfen, der Fitness im Bogensport, dem traditionellen Bogenschie\u00dfen und der Verbindung von Urlaub und Bogensport.. Neben dem Blog sfs-archery betreibt er die Internetseiten bogenurlaub-hohenlohe.de und blasrohrschiessen.de .\",\"sameAs\":[\"https:\/\/sfs-archery.de\/?page_id=69\"]}]}<\/script>\n<!-- \/ Yoast SEO plugin. -->","yoast_head_json":{"title":"Bogenschie\u00dfen und Urlaub ist eine tolle Verbindung - sfs-archery -Erlebnis Bogenschie\u00dfen-","description":"Bogenschie\u00dfen und Urlaub ist ein echtes Erlebnis. Aber wo kann man dies machen? Urlaubsziele in Europa werden hier vorgestellt.","robots":{"index":"index","follow":"follow","max-snippet":"max-snippet:-1","max-image-preview":"max-image-preview:large","max-video-preview":"max-video-preview:-1"},"canonical":"https:\/\/sfs-archery.de\/?page_id=2078","og_locale":"de_DE","og_type":"article","og_title":"Bogenschie\u00dfen und Urlaub ist eine tolle Verbindung - sfs-archery -Erlebnis Bogenschie\u00dfen-","og_description":"Bogenschie\u00dfen und Urlaub ist ein echtes Erlebnis. Aber wo kann man dies machen? Urlaubsziele in Europa werden hier vorgestellt.","og_url":"https:\/\/sfs-archery.de\/?page_id=2078","og_site_name":"sfs-archery -Erlebnis Bogenschie\u00dfen-","article_modified_time":"2020-08-06T11:57:56+00:00","og_image":[{"width":1024,"height":768,"url":"https:\/\/sfs-archery.de\/wp-content\/uploads\/2017\/08\/IMG_20170818_123510-1024x768.jpg","type":"image\/jpeg"}],"twitter_card":"summary_large_image","twitter_misc":{"Gesch\u00e4tzte Lesezeit":"2\u00a0Minuten"},"schema":{"@context":"https:\/\/schema.org","@graph":[{"@type":"WebPage","@id":"https:\/\/sfs-archery.de\/?page_id=781","url":"https:\/\/sfs-archery.de\/?page_id=2078","name":"Bogenschie\u00dfen und Urlaub ist eine tolle Verbindung - sfs-archery -Erlebnis Bogenschie\u00dfen-","isPartOf":{"@id":"https:\/\/sfs-archery.de\/#website"},"primaryImageOfPage":{"@id":"https:\/\/sfs-archery.de\/?page_id=2078#primaryimage"},"image":{"@id":"https:\/\/sfs-archery.de\/?page_id=2078#primaryimage"},"thumbnailUrl":"https:\/\/sfs-archery.de\/wp-content\/uploads\/2017\/08\/IMG_20170818_123510.jpg","datePublished":"2018-04-10T11:33:11+00:00","dateModified":"2020-08-06T11:57:56+00:00","description":"Bogenschie\u00dfen und Urlaub ist ein echtes Erlebnis. Aber wo kann man dies machen? Urlaubsziele in Europa werden hier vorgestellt.","breadcrumb":{"@id":"https:\/\/sfs-archery.de\/?page_id=2078#breadcrumb"},"inLanguage":"de","potentialAction":[{"@type":"ReadAction","target":["https:\/\/sfs-archery.de\/?page_id=2078"]}]},{"@type":"ImageObject","inLanguage":"de","@id":"https:\/\/sfs-archery.de\/?page_id=2078#primaryimage","url":"https:\/\/sfs-archery.de\/wp-content\/uploads\/2017\/08\/IMG_20170818_123510.jpg","contentUrl":"https:\/\/sfs-archery.de\/wp-content\/uploads\/2017\/08\/IMG_20170818_123510.jpg","width":3968,"height":2976,"caption":"Symbolfoto: Gasthaus mit Terrasse"},{"@type":"BreadcrumbList","@id":"https:\/\/sfs-archery.de\/?page_id=2078#breadcrumb","itemListElement":[{"@type":"ListItem","position":1,"name":"Startseite","item":"https:\/\/sfs-archery.de\/"},{"@type":"ListItem","position":2,"name":"Bogenschie\u00dfen und Urlaub ist eine tolle Verbindung"}]},{"@type":"WebSite","@id":"https:\/\/sfs-archery.de\/#website","url":"https:\/\/sfs-archery.de\/","name":"sfs-archery -Erlebnis Bogenschie\u00dfen-","description":"Bogensport, Fitness, Training im Bogenschie\u00dfen und Turniere.","publisher":{"@id":"https:\/\/sfs-archery.de\/#\/schema\/person\/35ed9e01696e805ee8db0b4d9bf4b52c"},"potentialAction":[{"@type":"SearchAction","target":{"@type":"EntryPoint","urlTemplate":"https:\/\/sfs-archery.de\/?s={search_term_string}"},"query-input":{"@type":"PropertyValueSpecification","valueRequired":true,"valueName":"search_term_string"}}],"inLanguage":"de"},{"@type":["Person","Organization"],"@id":"https:\/\/sfs-archery.de\/#\/schema\/person\/35ed9e01696e805ee8db0b4d9bf4b52c","name":"S\u00f6ren Spieckermann","image":{"@type":"ImageObject","inLanguage":"de","@id":"https:\/\/sfs-archery.de\/#\/schema\/person\/image\/","url":"https:\/\/sfs-archery.de\/wp-content\/uploads\/2020\/04\/IMG_20200308_095903_edited.jpg","contentUrl":"https:\/\/sfs-archery.de\/wp-content\/uploads\/2020\/04\/IMG_20200308_095903_edited.jpg","width":1500,"height":1500,"caption":"S\u00f6ren Spieckermann"},"logo":{"@id":"https:\/\/sfs-archery.de\/#\/schema\/person\/image\/"},"description":"S\u00f6ren Spieckermann besch\u00e4ftigt sich seit 2014 mit dem Bogensport. Er ist Mitglied im Bogensch\u00fctzenclub Neckargerach und nimmt an nationalen und internationalen Turnieren (IFAA) teil. Der Schwerpunkt seiner Ver\u00f6ffentlichungen liegt auf dem 3D Bogenschie\u00dfen, der Fitness im Bogensport, dem traditionellen Bogenschie\u00dfen und der Verbindung von Urlaub und Bogensport.. Neben dem Blog sfs-archery betreibt er die Internetseiten bogenurlaub-hohenlohe.de und blasrohrschiessen.de .","sameAs":["https:\/\/sfs-archery.de\/?page_id=69"]}]}},"_links":{"self":[{"href":"https:\/\/sfs-archery.de\/index.php?rest_route=\/wp\/v2\/pages\/781","targetHints":{"allow":["GET"]}}],"collection":[{"href":"https:\/\/sfs-archery.de\/index.php?rest_route=\/wp\/v2\/pages"}],"about":[{"href":"https:\/\/sfs-archery.de\/index.php?rest_route=\/wp\/v2\/types\/page"}],"author":[{"embeddable":true,"href":"https:\/\/sfs-archery.de\/index.php?rest_route=\/wp\/v2\/users\/1"}],"replies":[{"embeddable":true,"href":"https:\/\/sfs-archery.de\/index.php?rest_route=%2Fwp%2Fv2%2Fcomments&post=781"}],"version-history":[{"count":11,"href":"https:\/\/sfs-archery.de\/index.php?rest_route=\/wp\/v2\/pages\/781\/revisions"}],"predecessor-version":[{"id":3385,"href":"https:\/\/sfs-archery.de\/index.php?rest_route=\/wp\/v2\/pages\/781\/revisions\/3385"}],"wp:featuredmedia":[{"embeddable":true,"href":"https:\/\/sfs-archery.de\/index.php?rest_route=\/wp\/v2\/media\/579"}],"wp:attachment":[{"href":"https:\/\/sfs-archery.de\/index.php?rest_route=%2Fwp%2Fv2%2Fmedia&parent=781"}],"curies":[{"name":"wp","href":"https:\/\/api.w.org\/{rel}","templated":true}]}}